{"id":24,"date":"2022-06-03T17:52:33","date_gmt":"2022-06-03T20:52:33","guid":{"rendered":"https:\/\/tereza.org.br\/\/?page_id=24"},"modified":"2022-06-07T16:52:43","modified_gmt":"2022-06-07T19:52:43","slug":"nuestra-historia","status":"publish","type":"page","link":"https:\/\/tereza.org.br\/es\/nuestra-historia\/","title":{"rendered":"Nuestra historia"},"content":{"rendered":"<div id=\"fws_69f5d65287111\"  data-column-margin=\"default\" data-midnight=\"dark\"  class=\"wpb_row vc_row-fluid vc_row\"  style=\"padding-top: 0px; padding-bottom: 0px; \"><div class=\"row-bg-wrap\" data-bg-animation=\"none\" data-bg-animation-delay=\"\" data-bg-overlay=\"false\"><div class=\"inner-wrap row-bg-layer\" ><div class=\"row-bg viewport-desktop\"  style=\"\"><\/div><\/div><\/div><div class=\"row_col_wrap_12 col span_12 dark left\">\n\t<div style=\"margin-top: 2%; \" class=\"vc_col-sm-12 wpb_column column_container vc_column_container col centered-text no-extra-padding right_margin_4pct left_margin_4pct inherit_tablet inherit_phone\"  data-padding-pos=\"all\" data-has-bg-color=\"false\" data-bg-color=\"\" data-bg-opacity=\"1\" data-animation=\"\" data-delay=\"0\" >\n\t\t<div class=\"vc_column-inner\" >\n\t\t\t<div class=\"wpb_wrapper\">\n\t\t\t\t<blockquote class=\"nectar_single_testimonial\" tabindex=\"0\" data-color=\"accent-color\" data-style=\"bold\"><div class=\"inner\"data-custom-color=\"true\" style=\"color: #333333;\"> <p><span class=\"open-quote\">\u201d&quot;\u201d<\/span>Nuestra primera l\u00ednea de productos fue desarrollada por mujeres privadas de libertad en la Penitenciar\u00eda Femenina 2 de Trememb\u00e9, interior de S\u00e3o Paulo, que participaron de la Cooperativa Social Lili, la primera incubada por el Instituto Humanitas 360 dentro de su programa Emprendimiento Detr\u00e1s y M\u00e1s All\u00e1 de las Rejas. <\/p><\/div><\/blockquote><div class=\"divider-wrap\" data-alignment=\"default\"><div style=\"margin-top: 20px; height: 4px; margin-bottom: 20px;\" data-width=\"100%\" data-animate=\"yes\" data-animation-delay=\"300\" data-color=\"accent-color\" class=\"divider-border\"><\/div><\/div>\n\t\t\t<\/div> \n\t\t<\/div>\n\t<\/div> \n<\/div><\/div>\n\t\t<div id=\"fws_69f5d6528763d\"  data-column-margin=\"default\" data-midnight=\"dark\"  class=\"wpb_row vc_row-fluid vc_row\"  style=\"padding-top: 0px; padding-bottom: 0px; \"><div class=\"row-bg-wrap\" data-bg-animation=\"none\" data-bg-animation-delay=\"\" data-bg-overlay=\"false\"><div class=\"inner-wrap row-bg-layer\" ><div class=\"row-bg viewport-desktop\"  style=\"\"><\/div><\/div><\/div><div class=\"row_col_wrap_12 col span_12 dark left\">\n\t<div  class=\"vc_col-sm-12 wpb_column column_container vc_column_container col no-extra-padding inherit_tablet inherit_phone\"  data-padding-pos=\"all\" data-has-bg-color=\"false\" data-bg-color=\"\" data-bg-opacity=\"1\" data-animation=\"\" data-delay=\"0\" >\n\t\t<div class=\"vc_column-inner\" >\n\t\t\t<div class=\"wpb_wrapper\">\n\t\t\t\t\n\t<div class=\"wpb_video_widget wpb_content_element vc_clearfix   vc_video-aspect-ratio-169 vc_video-el-width-100 vc_video-align-center\" >\n\t\t<div class=\"wpb_wrapper\">\n\t\t\t\n\t\t\t<div class=\"wpb_video_wrapper\"><iframe title=\"Proyectos #H360: Primer Taller Cooperativo para Reclusos en Trememb\u00e9\" width=\"500\" height=\"281\" src=\"https:\/\/www.youtube.com\/embed\/GBd6VsMuuzE?feature=oembed\" frameborder=\"0\" allow=\"accelerometer; autoplay; clipboard-write; encrypted-media; gyroscope; picture-in-picture; web-share\" referrerpolicy=\"strict-origin-when-cross-origin\" allowfullscreen><\/iframe><\/div>\n\t\t<\/div>\n\t<\/div>\n\n\t\t\t<\/div> \n\t\t<\/div>\n\t<\/div> \n<\/div><\/div>\n\t\t<div id=\"fws_69f5d65287d2a\"  data-column-margin=\"default\" data-midnight=\"dark\"  class=\"wpb_row vc_row-fluid vc_row\"  style=\"padding-top: 0px; padding-bottom: 0px; \"><div class=\"row-bg-wrap\" data-bg-animation=\"none\" data-bg-animation-delay=\"\" data-bg-overlay=\"false\"><div class=\"inner-wrap row-bg-layer\" ><div class=\"row-bg viewport-desktop\"  style=\"\"><\/div><\/div><\/div><div class=\"row_col_wrap_12 col span_12 dark left\">\n\t<div style=\"margin-top: 5%; \" class=\"vc_col-sm-12 wpb_column column_container vc_column_container col no-extra-padding inherit_tablet inherit_phone\"  data-padding-pos=\"all\" data-has-bg-color=\"false\" data-bg-color=\"\" data-bg-opacity=\"1\" data-animation=\"\" data-delay=\"0\" >\n\t\t<div class=\"vc_column-inner\" >\n\t\t\t<div class=\"wpb_wrapper\">\n\t\t\t\t\n<div class=\"wpb_text_column wpb_content_element\" >\n\t<p>El trabajo de cocreaci\u00f3n fue coordinado por los dise\u00f1adores Renato Imbroisi y Cristiana Pereira Barretto, con la facilitaci\u00f3n del equipo de H360. La mayor\u00eda de las reclusas no ten\u00edan conocimientos previos de corte, costura, crochet ni bordado. Renato y Cristiana impartieron cuatro talleres de capacitaci\u00f3n t\u00e9cnica de una semana de duraci\u00f3n para las cooperativistas de la Penitenciar\u00eda Femenina 2 de Trememb\u00e9, con el apoyo de las artesanas Sonia Maria Leal Bento y Terezinha Mendes dos Santo, y la colaboraci\u00f3n voluntaria de las dise\u00f1adoras Camila Testa Stifelmann y Gisela Allegro Baptista Bilyk, la restauradora Isabel Milani y el artista visual Paulo Von Poser, como se muestra en el siguiente video:<\/p>\n<\/div>\n\n\n\n\n\t<div class=\"wpb_video_widget wpb_content_element vc_clearfix   vc_video-aspect-ratio-169 vc_video-el-width-100 vc_video-align-center\" >\n\t\t<div class=\"wpb_wrapper\">\n\t\t\t\n\t\t\t<div class=\"wpb_video_wrapper\"><iframe title=\"Voluntarios de la Cooperativa de Reclusos de Trememb\u00e9: Paulo Von Poser\" width=\"500\" height=\"281\" src=\"https:\/\/www.youtube.com\/embed\/bdp7OrFXruY?feature=oembed\" frameborder=\"0\" allow=\"accelerometer; autoplay; clipboard-write; encrypted-media; gyroscope; picture-in-picture; web-share\" referrerpolicy=\"strict-origin-when-cross-origin\" allowfullscreen><\/iframe><\/div>\n\t\t<\/div>\n\t<\/div>\n<div class=\"divider-wrap\" data-alignment=\"default\"><div style=\"height: 60px;\" class=\"divider\"><\/div><\/div>\n<div class=\"wpb_text_column wpb_content_element\" >\n\t<p>Este proceso de cocreaci\u00f3n y capacitaci\u00f3n t\u00e9cnica dur\u00f3 cuatro meses. Durante este per\u00edodo, y durante m\u00e1s de un a\u00f1o y medio despu\u00e9s, el equipo del Instituto Humanitas360 visit\u00f3 semanalmente la unidad penitenciaria para desarrollar el trabajo de incubaci\u00f3n de la cooperativa, apoyando a los participantes en la gesti\u00f3n, la compra y el control de insumos, el inventario, el control de calidad, la administraci\u00f3n financiera y la distribuci\u00f3n de ingresos. El financiamiento para el desarrollo del proyecto fue proporcionado por H360 y reconocidas instituciones internacionales de derechos humanos.<\/p>\n<\/div>\n\n\n\n<div class=\"divider-wrap\" data-alignment=\"default\"><div style=\"height: 60px;\" class=\"divider\"><\/div><\/div>\n\t\t\t<\/div> \n\t\t<\/div>\n\t<\/div> \n<\/div><\/div>","protected":false},"excerpt":{"rendered":"&#8221;Nossa primeira linha de produtos foi desenvolvida por mulheres presas na Penitenci\u00e1ria Feminina 2 de Trememb\u00e9, no interior paulista, que participavam da Cooperativa Social Lili, a primeira incubada pelo Instituto...","protected":false},"author":1,"featured_media":0,"parent":0,"menu_order":0,"comment_status":"closed","ping_status":"closed","template":"","meta":{"footnotes":""},"class_list":["post-24","page","type-page","status-publish"],"yoast_head":"<!-- This site is optimized with the Yoast SEO plugin v27.5 - https:\/\/yoast.com\/product\/yoast-seo-wordpress\/ -->\n<title>Nossa Hist\u00f3ria - Tereza<\/title>\n<meta name=\"robots\" content=\"index, follow, max-snippet:-1, max-image-preview:large, max-video-preview:-1\" \/>\n<link rel=\"canonical\" href=\"https:\/\/tereza.org.br\/es\/nuestra-historia\/\" \/>\n<meta property=\"og:locale\" content=\"es_ES\" \/>\n<meta property=\"og:type\" content=\"article\" \/>\n<meta property=\"og:title\" content=\"Nossa Hist\u00f3ria - Tereza\" \/>\n<meta property=\"og:url\" content=\"https:\/\/tereza.org.br\/es\/nuestra-historia\/\" \/>\n<meta property=\"og:site_name\" content=\"Tereza\" \/>\n<meta property=\"article:publisher\" content=\"https:\/\/www.facebook.com\/terezavaleapena\/\" \/>\n<meta property=\"article:modified_time\" content=\"2022-06-07T19:52:43+00:00\" \/>\n<meta name=\"twitter:card\" content=\"summary_large_image\" \/>\n<meta name=\"twitter:label1\" content=\"Tiempo de lectura\" \/>\n\t<meta name=\"twitter:data1\" content=\"3 minutos\" \/>\n<script type=\"application\/ld+json\" class=\"yoast-schema-graph\">{\"@context\":\"https:\\\/\\\/schema.org\",\"@graph\":[{\"@type\":\"WebPage\",\"@id\":\"https:\\\/\\\/tereza.org.br\\\/en\\\/our-history\\\/\",\"url\":\"https:\\\/\\\/tereza.org.br\\\/en\\\/our-history\\\/\",\"name\":\"Nossa Hist\u00f3ria - Tereza\",\"isPartOf\":{\"@id\":\"https:\\\/\\\/18.236.27.98\\\/#website\"},\"datePublished\":\"2022-06-03T20:52:33+00:00\",\"dateModified\":\"2022-06-07T19:52:43+00:00\",\"breadcrumb\":{\"@id\":\"https:\\\/\\\/tereza.org.br\\\/en\\\/our-history\\\/#breadcrumb\"},\"inLanguage\":\"es\",\"potentialAction\":[{\"@type\":\"ReadAction\",\"target\":[\"https:\\\/\\\/tereza.org.br\\\/en\\\/our-history\\\/\"]}]},{\"@type\":\"BreadcrumbList\",\"@id\":\"https:\\\/\\\/tereza.org.br\\\/en\\\/our-history\\\/#breadcrumb\",\"itemListElement\":[{\"@type\":\"ListItem\",\"position\":1,\"name\":\"In\u00edcio\",\"item\":\"https:\\\/\\\/tereza.org.br\\\/\"},{\"@type\":\"ListItem\",\"position\":2,\"name\":\"Nossa Hist\u00f3ria\"}]},{\"@type\":\"WebSite\",\"@id\":\"https:\\\/\\\/18.236.27.98\\\/#website\",\"url\":\"https:\\\/\\\/18.236.27.98\\\/\",\"name\":\"Tereza\",\"description\":\"Vale a Pena\",\"publisher\":{\"@id\":\"https:\\\/\\\/18.236.27.98\\\/#organization\"},\"potentialAction\":[{\"@type\":\"SearchAction\",\"target\":{\"@type\":\"EntryPoint\",\"urlTemplate\":\"https:\\\/\\\/18.236.27.98\\\/?s={search_term_string}\"},\"query-input\":{\"@type\":\"PropertyValueSpecification\",\"valueRequired\":true,\"valueName\":\"search_term_string\"}}],\"inLanguage\":\"es\"},{\"@type\":\"Organization\",\"@id\":\"https:\\\/\\\/18.236.27.98\\\/#organization\",\"name\":\"Tereza\",\"url\":\"https:\\\/\\\/18.236.27.98\\\/\",\"logo\":{\"@type\":\"ImageObject\",\"inLanguage\":\"es\",\"@id\":\"https:\\\/\\\/18.236.27.98\\\/#\\\/schema\\\/logo\\\/image\\\/\",\"url\":\"http:\\\/\\\/tereza.org.br\\\/wp-content\\\/uploads\\\/2022\\\/06\\\/cropped-cropped-tereza-favicon.jpg\",\"contentUrl\":\"http:\\\/\\\/tereza.org.br\\\/wp-content\\\/uploads\\\/2022\\\/06\\\/cropped-cropped-tereza-favicon.jpg\",\"width\":512,\"height\":512,\"caption\":\"Tereza\"},\"image\":{\"@id\":\"https:\\\/\\\/18.236.27.98\\\/#\\\/schema\\\/logo\\\/image\\\/\"},\"sameAs\":[\"https:\\\/\\\/www.facebook.com\\\/terezavaleapena\\\/\"]}]}<\/script>\n<!-- \/ Yoast SEO plugin. -->","yoast_head_json":{"title":"Nuestra historia - Teresa","robots":{"index":"index","follow":"follow","max-snippet":"max-snippet:-1","max-image-preview":"max-image-preview:large","max-video-preview":"max-video-preview:-1"},"canonical":"https:\/\/tereza.org.br\/es\/nuestra-historia\/","og_locale":"es_ES","og_type":"article","og_title":"Nossa Hist\u00f3ria - Tereza","og_url":"https:\/\/tereza.org.br\/es\/nuestra-historia\/","og_site_name":"Tereza","article_publisher":"https:\/\/www.facebook.com\/terezavaleapena\/","article_modified_time":"2022-06-07T19:52:43+00:00","twitter_card":"summary_large_image","twitter_misc":{"Tiempo de lectura":"3 minutos"},"schema":{"@context":"https:\/\/schema.org","@graph":[{"@type":"WebPage","@id":"https:\/\/tereza.org.br\/en\/our-history\/","url":"https:\/\/tereza.org.br\/en\/our-history\/","name":"Nuestra historia - Teresa","isPartOf":{"@id":"https:\/\/18.236.27.98\/#website"},"datePublished":"2022-06-03T20:52:33+00:00","dateModified":"2022-06-07T19:52:43+00:00","breadcrumb":{"@id":"https:\/\/tereza.org.br\/en\/our-history\/#breadcrumb"},"inLanguage":"es","potentialAction":[{"@type":"ReadAction","target":["https:\/\/tereza.org.br\/en\/our-history\/"]}]},{"@type":"BreadcrumbList","@id":"https:\/\/tereza.org.br\/en\/our-history\/#breadcrumb","itemListElement":[{"@type":"ListItem","position":1,"name":"In\u00edcio","item":"https:\/\/tereza.org.br\/"},{"@type":"ListItem","position":2,"name":"Nossa Hist\u00f3ria"}]},{"@type":"WebSite","@id":"https:\/\/18.236.27.98\/#website","url":"https:\/\/18.236.27.98\/","name":"Teresa","description":"Vale la pena","publisher":{"@id":"https:\/\/18.236.27.98\/#organization"},"potentialAction":[{"@type":"SearchAction","target":{"@type":"EntryPoint","urlTemplate":"https:\/\/18.236.27.98\/?s={search_term_string}"},"query-input":{"@type":"PropertyValueSpecification","valueRequired":true,"valueName":"search_term_string"}}],"inLanguage":"es"},{"@type":"Organization","@id":"https:\/\/18.236.27.98\/#organization","name":"Teresa","url":"https:\/\/18.236.27.98\/","logo":{"@type":"ImageObject","inLanguage":"es","@id":"https:\/\/18.236.27.98\/#\/schema\/logo\/image\/","url":"https:\/\/tereza.org.br\/wp-content\/uploads\/2022\/06\/cropped-cropped-tereza-favicon.jpg","contentUrl":"https:\/\/tereza.org.br\/wp-content\/uploads\/2022\/06\/cropped-cropped-tereza-favicon.jpg","width":512,"height":512,"caption":"Tereza"},"image":{"@id":"https:\/\/18.236.27.98\/#\/schema\/logo\/image\/"},"sameAs":["https:\/\/www.facebook.com\/terezavaleapena\/"]}]}},"_links":{"self":[{"href":"https:\/\/tereza.org.br\/es\/wp-json\/wp\/v2\/pages\/24","targetHints":{"allow":["GET"]}}],"collection":[{"href":"https:\/\/tereza.org.br\/es\/wp-json\/wp\/v2\/pages"}],"about":[{"href":"https:\/\/tereza.org.br\/es\/wp-json\/wp\/v2\/types\/page"}],"author":[{"embeddable":true,"href":"https:\/\/tereza.org.br\/es\/wp-json\/wp\/v2\/users\/1"}],"replies":[{"embeddable":true,"href":"https:\/\/tereza.org.br\/es\/wp-json\/wp\/v2\/comments?post=24"}],"version-history":[{"count":0,"href":"https:\/\/tereza.org.br\/es\/wp-json\/wp\/v2\/pages\/24\/revisions"}],"wp:attachment":[{"href":"https:\/\/tereza.org.br\/es\/wp-json\/wp\/v2\/media?parent=24"}],"curies":[{"name":"wp","href":"https:\/\/api.w.org\/{rel}","templated":true}]}}

<div id="fws_69f5d65287111"  data-column-margin="default" data-midnight="dark"  class="wpb_row vc_row-fluid vc_row"  style="padding-top: 0px; padding-bottom: 0px; "><div class="row-bg-wrap" data-bg-animation="none" data-bg-animation-delay="" data-bg-overlay="false"><div class="inner-wrap row-bg-layer" ><div class="row-bg viewport-desktop"  style=""></div></div></div><div class="row_col_wrap_12 col span_12 dark left">
	<div style="margin-top: 2%; " class="vc_col-sm-12 wpb_column column_container vc_column_container col centered-text no-extra-padding right_margin_4pct left_margin_4pct inherit_tablet inherit_phone"  data-padding-pos="all" data-has-bg-color="false" data-bg-color="" data-bg-opacity="1" data-animation="" data-delay="0" >
		<div class="vc_column-inner" >
			<div class="wpb_wrapper">
				<blockquote class="nectar_single_testimonial" tabindex="0" data-color="accent-color" data-style="bold"><div class="inner"data-custom-color="true" style="color: #333333;"> <p><span class="open-quote">”&quot;”</span>Nuestra primera línea de productos fue desarrollada por mujeres privadas de libertad en la Penitenciaría Femenina 2 de Tremembé, interior de São Paulo, que participaron de la Cooperativa Social Lili, la primera incubada por el Instituto Humanitas 360 dentro de su programa Emprendimiento Detrás y Más Allá de las Rejas. </p></div></blockquote><div class="divider-wrap" data-alignment="default"><div style="margin-top: 20px; height: 4px; margin-bottom: 20px;" data-width="100%" data-animate="yes" data-animation-delay="300" data-color="accent-color" class="divider-border"></div></div>
			</div> 
		</div>
	</div> 
</div></div>
		<div id="fws_69f5d6528763d"  data-column-margin="default" data-midnight="dark"  class="wpb_row vc_row-fluid vc_row"  style="padding-top: 0px; padding-bottom: 0px; "><div class="row-bg-wrap" data-bg-animation="none" data-bg-animation-delay="" data-bg-overlay="false"><div class="inner-wrap row-bg-layer" ><div class="row-bg viewport-desktop"  style=""></div></div></div><div class="row_col_wrap_12 col span_12 dark left">
	<div  class="vc_col-sm-12 wpb_column column_container vc_column_container col no-extra-padding inherit_tablet inherit_phone"  data-padding-pos="all" data-has-bg-color="false" data-bg-color="" data-bg-opacity="1" data-animation="" data-delay="0" >
		<div class="vc_column-inner" >
			<div class="wpb_wrapper">
				
	<div class="wpb_video_widget wpb_content_element vc_clearfix   vc_video-aspect-ratio-169 vc_video-el-width-100 vc_video-align-center" >
		<div class="wpb_wrapper">
			
			<div class="wpb_video_wrapper"><iframe title="Proyectos #H360: Primer Taller Cooperativo para Reclusos en Tremembé" width="500" height="281" src="https://www.youtube.com/embed/GBd6VsMuuzE?feature=oembed" frameborder="0" allow="accelerometer; autoplay; clipboard-write; encrypted-media; gyroscope; picture-in-picture; web-share" referrerpolicy="strict-origin-when-cross-origin" allowfullscreen></iframe></div>
		</div>
	</div>

			</div> 
		</div>
	</div> 
</div></div>
		<div id="fws_69f5d65287d2a"  data-column-margin="default" data-midnight="dark"  class="wpb_row vc_row-fluid vc_row"  style="padding-top: 0px; padding-bottom: 0px; "><div class="row-bg-wrap" data-bg-animation="none" data-bg-animation-delay="" data-bg-overlay="false"><div class="inner-wrap row-bg-layer" ><div class="row-bg viewport-desktop"  style=""></div></div></div><div class="row_col_wrap_12 col span_12 dark left">
	<div style="margin-top: 5%; " class="vc_col-sm-12 wpb_column column_container vc_column_container col no-extra-padding inherit_tablet inherit_phone"  data-padding-pos="all" data-has-bg-color="false" data-bg-color="" data-bg-opacity="1" data-animation="" data-delay="0" >
		<div class="vc_column-inner" >
			<div class="wpb_wrapper">
				
<div class="wpb_text_column wpb_content_element" >
	<p>El trabajo de cocreación fue coordinado por los diseñadores Renato Imbroisi y Cristiana Pereira Barretto, con la facilitación del equipo de H360. La mayoría de las reclusas no tenían conocimientos previos de corte, costura, crochet ni bordado. Renato y Cristiana impartieron cuatro talleres de capacitación técnica de una semana de duración para las cooperativistas de la Penitenciaría Femenina 2 de Tremembé, con el apoyo de las artesanas Sonia Maria Leal Bento y Terezinha Mendes dos Santo, y la colaboración voluntaria de las diseñadoras Camila Testa Stifelmann y Gisela Allegro Baptista Bilyk, la restauradora Isabel Milani y el artista visual Paulo Von Poser, como se muestra en el siguiente video:</p>
</div>




	<div class="wpb_video_widget wpb_content_element vc_clearfix   vc_video-aspect-ratio-169 vc_video-el-width-100 vc_video-align-center" >
		<div class="wpb_wrapper">
			
			<div class="wpb_video_wrapper"><iframe title="Voluntarios de la Cooperativa de Reclusos de Tremembé: Paulo Von Poser" width="500" height="281" src="https://www.youtube.com/embed/bdp7OrFXruY?feature=oembed" frameborder="0" allow="accelerometer; autoplay; clipboard-write; encrypted-media; gyroscope; picture-in-picture; web-share" referrerpolicy="strict-origin-when-cross-origin" allowfullscreen></iframe></div>
		</div>
	</div>
<div class="divider-wrap" data-alignment="default"><div style="height: 60px;" class="divider"></div></div>
<div class="wpb_text_column wpb_content_element" >
	<p>Este proceso de cocreación y capacitación técnica duró cuatro meses. Durante este período, y durante más de un año y medio después, el equipo del Instituto Humanitas360 visitó semanalmente la unidad penitenciaria para desarrollar el trabajo de incubación de la cooperativa, apoyando a los participantes en la gestión, la compra y el control de insumos, el inventario, el control de calidad, la administración financiera y la distribución de ingresos. El financiamiento para el desarrollo del proyecto fue proporcionado por H360 y reconocidas instituciones internacionales de derechos humanos.</p>
</div>



<div class="divider-wrap" data-alignment="default"><div style="height: 60px;" class="divider"></div></div>
			</div> 
		</div>
	</div> 
</div></div>

&#8221;Nossa primeira linha de produtos foi desenvolvida por mulheres presas na Penitenciária Feminina 2 de Tremembé, no interior paulista, que participavam da Cooperativa Social Lili, a primeira incubada pelo Instituto...

<!-- This site is optimized with the Yoast SEO plugin v27.5 - https://yoast.com/product/yoast-seo-wordpress/ -->
<title>Nossa História - Tereza</title>
<meta name="robots" content="index, follow, max-snippet:-1, max-image-preview:large, max-video-preview:-1" />
<link rel="canonical" href="https://tereza.org.br/es/nuestra-historia/" />
<meta property="og:locale" content="es_ES" />
<meta property="og:type" content="article" />
<meta property="og:title" content="Nossa História - Tereza" />
<meta property="og:url" content="https://tereza.org.br/es/nuestra-historia/" />
<meta property="og:site_name" content="Tereza" />
<meta property="article:publisher" content="https://www.facebook.com/terezavaleapena/" />
<meta property="article:modified_time" content="2022-06-07T19:52:43+00:00" />
<meta name="twitter:card" content="summary_large_image" />
<meta name="twitter:label1" content="Tiempo de lectura" />
	<meta name="twitter:data1" content="3 minutos" />
<script type="application/ld+json" class="yoast-schema-graph">{"@context":"https:\/\/schema.org","@graph":[{"@type":"WebPage","@id":"https:\/\/tereza.org.br\/en\/our-history\/","url":"https:\/\/tereza.org.br\/en\/our-history\/","name":"Nossa História - Tereza","isPartOf":{"@id":"https:\/\/18.236.27.98\/#website"},"datePublished":"2022-06-03T20:52:33+00:00","dateModified":"2022-06-07T19:52:43+00:00","breadcrumb":{"@id":"https:\/\/tereza.org.br\/en\/our-history\/#breadcrumb"},"inLanguage":"es","potentialAction":[{"@type":"ReadAction","target":["https:\/\/tereza.org.br\/en\/our-history\/"]}]},{"@type":"BreadcrumbList","@id":"https:\/\/tereza.org.br\/en\/our-history\/#breadcrumb","itemListElement":[{"@type":"ListItem","position":1,"name":"Início","item":"https:\/\/tereza.org.br\/"},{"@type":"ListItem","position":2,"name":"Nossa História"}]},{"@type":"WebSite","@id":"https:\/\/18.236.27.98\/#website","url":"https:\/\/18.236.27.98\/","name":"Tereza","description":"Vale a Pena","publisher":{"@id":"https:\/\/18.236.27.98\/#organization"},"potentialAction":[{"@type":"SearchAction","target":{"@type":"EntryPoint","urlTemplate":"https:\/\/18.236.27.98\/?s={search_term_string}"},"query-input":{"@type":"PropertyValueSpecification","valueRequired":true,"valueName":"search_term_string"}}],"inLanguage":"es"},{"@type":"Organization","@id":"https:\/\/18.236.27.98\/#organization","name":"Tereza","url":"https:\/\/18.236.27.98\/","logo":{"@type":"ImageObject","inLanguage":"es","@id":"https:\/\/18.236.27.98\/#\/schema\/logo\/image\/","url":"http:\/\/tereza.org.br\/wp-content\/uploads\/2022\/06\/cropped-cropped-tereza-favicon.jpg","contentUrl":"http:\/\/tereza.org.br\/wp-content\/uploads\/2022\/06\/cropped-cropped-tereza-favicon.jpg","width":512,"height":512,"caption":"Tereza"},"image":{"@id":"https:\/\/18.236.27.98\/#\/schema\/logo\/image\/"},"sameAs":["https:\/\/www.facebook.com\/terezavaleapena\/"]}]}</script>
<!-- / Yoast SEO plugin. -->

Nossa História - Tereza

Início

Nossa História
