{"id":879,"date":"2025-08-04T16:24:24","date_gmt":"2025-08-04T19:24:24","guid":{"rendered":"https:\/\/tereza.org.br\/?post_type=product&#038;p=879"},"modified":"2026-03-22T01:05:42","modified_gmt":"2026-03-22T04:05:42","slug":"corazon-libre","status":"publish","type":"product","link":"https:\/\/tereza.org.br\/es\/product\/corazon-libre\/","title":{"rendered":"Coraz\u00f3n libre"},"content":{"rendered":"","protected":false},"excerpt":{"rendered":"<p>Accesorio en forma de coraz\u00f3n para personalizar bolsos y otros art\u00edculos, con cord\u00f3n para colgar o atar. Los corazones se elaboran mediante supraciclaje, con telas recicladas.<\/p>\n<p><em>Los estampados y tejidos pueden variar.\u00a0<\/em><\/p>","protected":false},"featured_media":881,"comment_status":"open","ping_status":"closed","template":"","meta":[],"product_brand":[],"product_cat":[35],"product_tag":[],"class_list":{"0":"post-879","1":"product","2":"type-product","3":"status-publish","4":"has-post-thumbnail","6":"product_cat-catalogo","7":"product_shipping_class-brasil","9":"first","10":"instock","11":"featured","12":"shipping-taxable","13":"purchasable","14":"product-type-simple"},"yoast_head":"<!-- This site is optimized with the Yoast SEO plugin v27.5 - https:\/\/yoast.com\/product\/yoast-seo-wordpress\/ -->\n<title>Cora\u00e7\u00e3o Livre - Tereza<\/title>\n<meta name=\"description\" content=\"Acess\u00f3rio para customiza\u00e7\u00e3o de bolsas e outros artigos, com cord\u00e3o para ser amarrado. Produzidos por meio de upcycling a partir de tecidos reaproveitados.\" \/>\n<meta name=\"robots\" content=\"index, follow, max-snippet:-1, max-image-preview:large, max-video-preview:-1\" \/>\n<link rel=\"canonical\" href=\"https:\/\/tereza.org.br\/es\/product\/corazon-libre\/\" \/>\n<meta property=\"og:locale\" content=\"es_ES\" \/>\n<meta property=\"og:type\" content=\"article\" \/>\n<meta property=\"og:title\" content=\"Cora\u00e7\u00e3o Livre - Tereza\" \/>\n<meta property=\"og:description\" content=\"Acess\u00f3rio para customiza\u00e7\u00e3o de bolsas e outros artigos, com cord\u00e3o para ser amarrado. Produzidos por meio de upcycling a partir de tecidos reaproveitados.\" \/>\n<meta property=\"og:url\" content=\"https:\/\/tereza.org.br\/es\/product\/corazon-libre\/\" \/>\n<meta property=\"og:site_name\" content=\"Tereza\" \/>\n<meta property=\"article:publisher\" content=\"https:\/\/www.facebook.com\/terezavaleapena\/\" \/>\n<meta property=\"article:modified_time\" content=\"2026-03-22T04:05:42+00:00\" \/>\n<meta property=\"og:image\" content=\"https:\/\/tereza.org.br\/wp-content\/uploads\/2025\/08\/TEREZA_PRODUTO_CORACAO2-scaled.jpg\" \/>\n\t<meta property=\"og:image:width\" content=\"2048\" \/>\n\t<meta property=\"og:image:height\" content=\"1368\" \/>\n\t<meta property=\"og:image:type\" content=\"image\/jpeg\" \/>\n<meta name=\"twitter:card\" content=\"summary_large_image\" \/>\n<meta name=\"twitter:label1\" content=\"Tiempo de lectura\" \/>\n\t<meta name=\"twitter:data1\" content=\"1 minuto\" \/>\n<script type=\"application\/ld+json\" class=\"yoast-schema-graph\">{\"@context\":\"https:\\\/\\\/schema.org\",\"@graph\":[{\"@type\":\"WebPage\",\"@id\":\"https:\\\/\\\/tereza.org.br\\\/produto\\\/coracao-livre\\\/\",\"url\":\"https:\\\/\\\/tereza.org.br\\\/produto\\\/coracao-livre\\\/\",\"name\":\"Cora\u00e7\u00e3o Livre - Tereza\",\"isPartOf\":{\"@id\":\"https:\\\/\\\/tereza.org.br\\\/#website\"},\"primaryImageOfPage\":{\"@id\":\"https:\\\/\\\/tereza.org.br\\\/produto\\\/coracao-livre\\\/#primaryimage\"},\"image\":{\"@id\":\"https:\\\/\\\/tereza.org.br\\\/produto\\\/coracao-livre\\\/#primaryimage\"},\"thumbnailUrl\":\"https:\\\/\\\/tereza.org.br\\\/wp-content\\\/uploads\\\/2025\\\/08\\\/TEREZA_PRODUTO_CORACAO2-scaled.jpg\",\"datePublished\":\"2025-08-04T19:24:24+00:00\",\"dateModified\":\"2026-03-22T04:05:42+00:00\",\"description\":\"Acess\u00f3rio para customiza\u00e7\u00e3o de bolsas e outros artigos, com cord\u00e3o para ser amarrado. Produzidos por meio de upcycling a partir de tecidos reaproveitados.\",\"breadcrumb\":{\"@id\":\"https:\\\/\\\/tereza.org.br\\\/produto\\\/coracao-livre\\\/#breadcrumb\"},\"inLanguage\":\"es\",\"potentialAction\":[{\"@type\":\"ReadAction\",\"target\":[\"https:\\\/\\\/tereza.org.br\\\/produto\\\/coracao-livre\\\/\"]}]},{\"@type\":\"ImageObject\",\"inLanguage\":\"es\",\"@id\":\"https:\\\/\\\/tereza.org.br\\\/produto\\\/coracao-livre\\\/#primaryimage\",\"url\":\"https:\\\/\\\/tereza.org.br\\\/wp-content\\\/uploads\\\/2025\\\/08\\\/TEREZA_PRODUTO_CORACAO2-scaled.jpg\",\"contentUrl\":\"https:\\\/\\\/tereza.org.br\\\/wp-content\\\/uploads\\\/2025\\\/08\\\/TEREZA_PRODUTO_CORACAO2-scaled.jpg\",\"width\":2048,\"height\":1368},{\"@type\":\"BreadcrumbList\",\"@id\":\"https:\\\/\\\/tereza.org.br\\\/produto\\\/coracao-livre\\\/#breadcrumb\",\"itemListElement\":[{\"@type\":\"ListItem\",\"position\":1,\"name\":\"In\u00edcio\",\"item\":\"https:\\\/\\\/tereza.org.br\\\/\"},{\"@type\":\"ListItem\",\"position\":2,\"name\":\"Loja\",\"item\":\"https:\\\/\\\/tereza.org.br\\\/en\\\/store\\\/\"},{\"@type\":\"ListItem\",\"position\":3,\"name\":\"Cora\u00e7\u00e3o Livre\"}]},{\"@type\":\"WebSite\",\"@id\":\"https:\\\/\\\/tereza.org.br\\\/#website\",\"url\":\"https:\\\/\\\/tereza.org.br\\\/\",\"name\":\"Tereza\",\"description\":\"Vale a Pena\",\"publisher\":{\"@id\":\"https:\\\/\\\/tereza.org.br\\\/#organization\"},\"potentialAction\":[{\"@type\":\"SearchAction\",\"target\":{\"@type\":\"EntryPoint\",\"urlTemplate\":\"https:\\\/\\\/tereza.org.br\\\/?s={search_term_string}\"},\"query-input\":{\"@type\":\"PropertyValueSpecification\",\"valueRequired\":true,\"valueName\":\"search_term_string\"}}],\"inLanguage\":\"es\"},{\"@type\":\"Organization\",\"@id\":\"https:\\\/\\\/tereza.org.br\\\/#organization\",\"name\":\"Tereza\",\"url\":\"https:\\\/\\\/tereza.org.br\\\/\",\"logo\":{\"@type\":\"ImageObject\",\"inLanguage\":\"es\",\"@id\":\"https:\\\/\\\/tereza.org.br\\\/#\\\/schema\\\/logo\\\/image\\\/\",\"url\":\"http:\\\/\\\/tereza.org.br\\\/wp-content\\\/uploads\\\/2022\\\/06\\\/cropped-cropped-tereza-favicon.jpg\",\"contentUrl\":\"http:\\\/\\\/tereza.org.br\\\/wp-content\\\/uploads\\\/2022\\\/06\\\/cropped-cropped-tereza-favicon.jpg\",\"width\":512,\"height\":512,\"caption\":\"Tereza\"},\"image\":{\"@id\":\"https:\\\/\\\/tereza.org.br\\\/#\\\/schema\\\/logo\\\/image\\\/\"},\"sameAs\":[\"https:\\\/\\\/www.facebook.com\\\/terezavaleapena\\\/\"]}]}<\/script>\n<!-- \/ Yoast SEO plugin. -->","yoast_head_json":{"title":"Coraz\u00f3n libre - Teresa","description":"Accesorio para personalizar bolsos y otros art\u00edculos, con cord\u00f3n para atar. Fabricado mediante supraciclaje con telas recicladas.","robots":{"index":"index","follow":"follow","max-snippet":"max-snippet:-1","max-image-preview":"max-image-preview:large","max-video-preview":"max-video-preview:-1"},"canonical":"https:\/\/tereza.org.br\/es\/product\/corazon-libre\/","og_locale":"es_ES","og_type":"article","og_title":"Cora\u00e7\u00e3o Livre - Tereza","og_description":"Acess\u00f3rio para customiza\u00e7\u00e3o de bolsas e outros artigos, com cord\u00e3o para ser amarrado. Produzidos por meio de upcycling a partir de tecidos reaproveitados.","og_url":"https:\/\/tereza.org.br\/es\/product\/corazon-libre\/","og_site_name":"Tereza","article_publisher":"https:\/\/www.facebook.com\/terezavaleapena\/","article_modified_time":"2026-03-22T04:05:42+00:00","og_image":[{"width":2048,"height":1368,"url":"https:\/\/tereza.org.br\/wp-content\/uploads\/2025\/08\/TEREZA_PRODUTO_CORACAO2-scaled.jpg","type":"image\/jpeg"}],"twitter_card":"summary_large_image","twitter_misc":{"Tiempo de lectura":"1 minuto"},"schema":{"@context":"https:\/\/schema.org","@graph":[{"@type":"WebPage","@id":"https:\/\/tereza.org.br\/produto\/coracao-livre\/","url":"https:\/\/tereza.org.br\/produto\/coracao-livre\/","name":"Coraz\u00f3n libre - Teresa","isPartOf":{"@id":"https:\/\/tereza.org.br\/#website"},"primaryImageOfPage":{"@id":"https:\/\/tereza.org.br\/produto\/coracao-livre\/#primaryimage"},"image":{"@id":"https:\/\/tereza.org.br\/produto\/coracao-livre\/#primaryimage"},"thumbnailUrl":"https:\/\/tereza.org.br\/wp-content\/uploads\/2025\/08\/TEREZA_PRODUTO_CORACAO2-scaled.jpg","datePublished":"2025-08-04T19:24:24+00:00","dateModified":"2026-03-22T04:05:42+00:00","description":"Accesorio para personalizar bolsos y otros art\u00edculos, con cord\u00f3n para atar. Fabricado mediante supraciclaje con telas recicladas.","breadcrumb":{"@id":"https:\/\/tereza.org.br\/produto\/coracao-livre\/#breadcrumb"},"inLanguage":"es","potentialAction":[{"@type":"ReadAction","target":["https:\/\/tereza.org.br\/produto\/coracao-livre\/"]}]},{"@type":"ImageObject","inLanguage":"es","@id":"https:\/\/tereza.org.br\/produto\/coracao-livre\/#primaryimage","url":"https:\/\/tereza.org.br\/wp-content\/uploads\/2025\/08\/TEREZA_PRODUTO_CORACAO2-scaled.jpg","contentUrl":"https:\/\/tereza.org.br\/wp-content\/uploads\/2025\/08\/TEREZA_PRODUTO_CORACAO2-scaled.jpg","width":2048,"height":1368},{"@type":"BreadcrumbList","@id":"https:\/\/tereza.org.br\/produto\/coracao-livre\/#breadcrumb","itemListElement":[{"@type":"ListItem","position":1,"name":"In\u00edcio","item":"https:\/\/tereza.org.br\/"},{"@type":"ListItem","position":2,"name":"Loja","item":"https:\/\/tereza.org.br\/en\/store\/"},{"@type":"ListItem","position":3,"name":"Cora\u00e7\u00e3o Livre"}]},{"@type":"WebSite","@id":"https:\/\/tereza.org.br\/#website","url":"https:\/\/tereza.org.br\/","name":"Teresa","description":"Vale la pena","publisher":{"@id":"https:\/\/tereza.org.br\/#organization"},"potentialAction":[{"@type":"SearchAction","target":{"@type":"EntryPoint","urlTemplate":"https:\/\/tereza.org.br\/?s={search_term_string}"},"query-input":{"@type":"PropertyValueSpecification","valueRequired":true,"valueName":"search_term_string"}}],"inLanguage":"es"},{"@type":"Organization","@id":"https:\/\/tereza.org.br\/#organization","name":"Teresa","url":"https:\/\/tereza.org.br\/","logo":{"@type":"ImageObject","inLanguage":"es","@id":"https:\/\/tereza.org.br\/#\/schema\/logo\/image\/","url":"https:\/\/tereza.org.br\/wp-content\/uploads\/2022\/06\/cropped-cropped-tereza-favicon.jpg","contentUrl":"https:\/\/tereza.org.br\/wp-content\/uploads\/2022\/06\/cropped-cropped-tereza-favicon.jpg","width":512,"height":512,"caption":"Tereza"},"image":{"@id":"https:\/\/tereza.org.br\/#\/schema\/logo\/image\/"},"sameAs":["https:\/\/www.facebook.com\/terezavaleapena\/"]}]}},"_links":{"self":[{"href":"https:\/\/tereza.org.br\/es\/wp-json\/wp\/v2\/product\/879","targetHints":{"allow":["GET"]}}],"collection":[{"href":"https:\/\/tereza.org.br\/es\/wp-json\/wp\/v2\/product"}],"about":[{"href":"https:\/\/tereza.org.br\/es\/wp-json\/wp\/v2\/types\/product"}],"replies":[{"embeddable":true,"href":"https:\/\/tereza.org.br\/es\/wp-json\/wp\/v2\/comments?post=879"}],"wp:featuredmedia":[{"embeddable":true,"href":"https:\/\/tereza.org.br\/es\/wp-json\/wp\/v2\/media\/881"}],"wp:attachment":[{"href":"https:\/\/tereza.org.br\/es\/wp-json\/wp\/v2\/media?parent=879"}],"wp:term":[{"taxonomy":"product_brand","embeddable":true,"href":"https:\/\/tereza.org.br\/es\/wp-json\/wp\/v2\/product_brand?post=879"},{"taxonomy":"product_cat","embeddable":true,"href":"https:\/\/tereza.org.br\/es\/wp-json\/wp\/v2\/product_cat?post=879"},{"taxonomy":"product_tag","embeddable":true,"href":"https:\/\/tereza.org.br\/es\/wp-json\/wp\/v2\/product_tag?post=879"}],"curies":[{"name":"wp","href":"https:\/\/api.w.org\/{rel}","templated":true}]}}

Corazón libre

<p>Accesorio en forma de corazón para personalizar bolsos y otros artículos, con cordón para colgar o atar. Los corazones se elaboran mediante supraciclaje, con telas recicladas.</p>
<p><em>Los estampados y tejidos pueden variar. </em></p>

<!-- This site is optimized with the Yoast SEO plugin v27.5 - https://yoast.com/product/yoast-seo-wordpress/ -->
<title>Coração Livre - Tereza</title>
<meta name="description" content="Acessório para customização de bolsas e outros artigos, com cordão para ser amarrado. Produzidos por meio de upcycling a partir de tecidos reaproveitados." />
<meta name="robots" content="index, follow, max-snippet:-1, max-image-preview:large, max-video-preview:-1" />
<link rel="canonical" href="https://tereza.org.br/es/product/corazon-libre/" />
<meta property="og:locale" content="es_ES" />
<meta property="og:type" content="article" />
<meta property="og:title" content="Coração Livre - Tereza" />
<meta property="og:description" content="Acessório para customização de bolsas e outros artigos, com cordão para ser amarrado. Produzidos por meio de upcycling a partir de tecidos reaproveitados." />
<meta property="og:url" content="https://tereza.org.br/es/product/corazon-libre/" />
<meta property="og:site_name" content="Tereza" />
<meta property="article:publisher" content="https://www.facebook.com/terezavaleapena/" />
<meta property="article:modified_time" content="2026-03-22T04:05:42+00:00" />
<meta property="og:image" content="https://tereza.org.br/wp-content/uploads/2025/08/TEREZA_PRODUTO_CORACAO2-scaled.jpg" />
	<meta property="og:image:width" content="2048" />
	<meta property="og:image:height" content="1368" />
	<meta property="og:image:type" content="image/jpeg" />
<meta name="twitter:card" content="summary_large_image" />
<meta name="twitter:label1" content="Tiempo de lectura" />
	<meta name="twitter:data1" content="1 minuto" />
<script type="application/ld+json" class="yoast-schema-graph">{"@context":"https:\/\/schema.org","@graph":[{"@type":"WebPage","@id":"https:\/\/tereza.org.br\/produto\/coracao-livre\/","url":"https:\/\/tereza.org.br\/produto\/coracao-livre\/","name":"Coração Livre - Tereza","isPartOf":{"@id":"https:\/\/tereza.org.br\/#website"},"primaryImageOfPage":{"@id":"https:\/\/tereza.org.br\/produto\/coracao-livre\/#primaryimage"},"image":{"@id":"https:\/\/tereza.org.br\/produto\/coracao-livre\/#primaryimage"},"thumbnailUrl":"https:\/\/tereza.org.br\/wp-content\/uploads\/2025\/08\/TEREZA_PRODUTO_CORACAO2-scaled.jpg","datePublished":"2025-08-04T19:24:24+00:00","dateModified":"2026-03-22T04:05:42+00:00","description":"Acessório para customização de bolsas e outros artigos, com cordão para ser amarrado. Produzidos por meio de upcycling a partir de tecidos reaproveitados.","breadcrumb":{"@id":"https:\/\/tereza.org.br\/produto\/coracao-livre\/#breadcrumb"},"inLanguage":"es","potentialAction":[{"@type":"ReadAction","target":["https:\/\/tereza.org.br\/produto\/coracao-livre\/"]}]},{"@type":"ImageObject","inLanguage":"es","@id":"https:\/\/tereza.org.br\/produto\/coracao-livre\/#primaryimage","url":"https:\/\/tereza.org.br\/wp-content\/uploads\/2025\/08\/TEREZA_PRODUTO_CORACAO2-scaled.jpg","contentUrl":"https:\/\/tereza.org.br\/wp-content\/uploads\/2025\/08\/TEREZA_PRODUTO_CORACAO2-scaled.jpg","width":2048,"height":1368},{"@type":"BreadcrumbList","@id":"https:\/\/tereza.org.br\/produto\/coracao-livre\/#breadcrumb","itemListElement":[{"@type":"ListItem","position":1,"name":"Início","item":"https:\/\/tereza.org.br\/"},{"@type":"ListItem","position":2,"name":"Loja","item":"https:\/\/tereza.org.br\/en\/store\/"},{"@type":"ListItem","position":3,"name":"Coração Livre"}]},{"@type":"WebSite","@id":"https:\/\/tereza.org.br\/#website","url":"https:\/\/tereza.org.br\/","name":"Tereza","description":"Vale a Pena","publisher":{"@id":"https:\/\/tereza.org.br\/#organization"},"potentialAction":[{"@type":"SearchAction","target":{"@type":"EntryPoint","urlTemplate":"https:\/\/tereza.org.br\/?s={search_term_string}"},"query-input":{"@type":"PropertyValueSpecification","valueRequired":true,"valueName":"search_term_string"}}],"inLanguage":"es"},{"@type":"Organization","@id":"https:\/\/tereza.org.br\/#organization","name":"Tereza","url":"https:\/\/tereza.org.br\/","logo":{"@type":"ImageObject","inLanguage":"es","@id":"https:\/\/tereza.org.br\/#\/schema\/logo\/image\/","url":"http:\/\/tereza.org.br\/wp-content\/uploads\/2022\/06\/cropped-cropped-tereza-favicon.jpg","contentUrl":"http:\/\/tereza.org.br\/wp-content\/uploads\/2022\/06\/cropped-cropped-tereza-favicon.jpg","width":512,"height":512,"caption":"Tereza"},"image":{"@id":"https:\/\/tereza.org.br\/#\/schema\/logo\/image\/"},"sameAs":["https:\/\/www.facebook.com\/terezavaleapena\/"]}]}</script>
<!-- / Yoast SEO plugin. -->

Corazón libre - Teresa

Accesorio para personalizar bolsos y otros artículos, con cordón para atar. Fabricado mediante supraciclaje con telas recicladas.

Coração Livre - Tereza

Acessório para customização de bolsas e outros artigos, com cordão para ser amarrado. Produzidos por meio de upcycling a partir de tecidos reaproveitados.

Início

Coração Livre
